*p**2 + 6*p + 13. Let r be n(-2). Let g = c - r. What is the remainder when 23 is divided by g?
10
Suppose 4*w = -2*g + 12 + 16, -3*g - w = -27. What is the remainder when 22 is divided by g*(-1 + -1 - -3)?
6
Suppose 3*y - 12 = y. Suppose -6*j + 11 = -5*j. Calculate the remainder when 184/y - 6/(-18) is divided by j.
9
Let g(b) = 17*b**2 - 4*b + 7. Let d be g(4). Suppose 2*f - 36 = r + 67, 5*f + 3*r = d. What is the remainder when f is divided by 9?
7
Let z = 7 + -3. Let q = 18 - 17. Suppose -q - 13 = -m. Calculate the remainder when m is divided by z.
2
Let i = 1356 + -1347. Calculate the remainder when 97 is divided by i.
7
Suppose 13*v - 3132 = 7*v. Suppose 3*u - h - 395 = 0, 3*h - 2*h = -4*u + v. What is the remainder when u is divided by 22?
21
Let h(o) = o + 20. Let i be h(-18). Suppose 44 = 2*n - 18*u + 13*u, i*n = -u + 20. What is the remainder when 94 is divided by n?
10
Suppose -3*t + 4*t = 12. Let p = -20 + t. Let k(x) = -5*x - 11. What is the remainder when k(p) is divided by 8?
5
Let r(s) = -2*s - 8. Calculate the remainder when (4 + (-17 - -11))/((-4)/40) is divided by r(-7).
2
Let c(o) = 2*o**2 + 11*o - 190. What is the remainder when 669 is divided by c(-13)?
4
Let r = 13 - 7. Suppose -2 = -2*l + r. Suppose 9 = l*x - x. Calculate the remainder when 11 is divided by x.
2
Let b(r) = r**2 - 18*r + 58. What is the remainder when 50 is divided by b(3)?
11
Suppose 11*j - 64*j = -9487. Calculate the remainder when j is divided by 45.
44
Let a = 57 - 45. Calculate the remainder when 42 is divided by a.
6
Let q = 0 + 5. Suppose -6 = -5*y + 29. What is the remainder when y is divided by q?
2
Suppose -5*j - 4*l + 9*l = -1465, l = -2*j + 589. Suppose 14*s - 9*s = -p + 64, 299 = 5*p + 4*s. Calculate the remainder when j is divided by p.
58
Let k(a) = -a**2 - 22*a - 23. What is the remainder when k(-17) is divided by 9?
8
Let a be (-3)/(-12) + (-1535)/(-20) - 1. Let z = 96 - a. What is the remainder when 79 is divided by z?
19
Let w = 1950 + -1802. What is the remainder when w is divided by 19?
15
Suppose -5*s + 63 = -172. Calculate the remainder when 238 is divided by s + 33/22*(-4)/(-6).
46
Let g be 2*8 - (-5 - -8). Suppose -11*u = -g*u + 26. Calculate the remainder when 74 is divided by u.
9
Suppose -7*s + 134 + 104 = 0. Suppose 2*o = -3*l + 86, -2*l + 2*o = -3*l + s. What is the remainder when 51 is divided by l?
25
Suppose -2*q + 5 = -21. Suppose -2*g + 28*w + 110 = 23*w, -4*g = -5*w - 230. Calculate the remainder when g is divided by q.
8
Let v = -21 + 27. Let y(n) = n**2 - 5*n. Let l be y(v). Calculate the remainder when 40 + -1 - (l + -2) is divided by 18.
17
Let m(n) = -n**2 - 3*n. Let k be m(-3). Suppose k = -2*b - 4*c + 52, -b = -0*b + c - 21. Calculate the remainder when 56 is divided by b.
8
Let g be (1 + 1)/((-1)/5). Let u = -5 - g. Suppose -54 = -4*r - 2*h - 4, 0 = 3*r - 4*h - 43. What is the remainder when r is divided by u?
3
Let i(g) = -g**3 + 16*g**2 - 15*g + 6. Let t be i(15). Calculate the remainder when ((2 - 4) + 24)*t/4 is divided by 20.
13
Let u be (8/2)/2 - -910. Suppose 7*n - u = 3*n. Calculate the remainder when n is divided by 46.
44
What is the remainder when 4*(-3947)/(-44) + (-4)/(-22) is divided by 117?
8
Suppose -26*l = 39*l - 3965. Calculate the remainder when l is divided by 34.
27
Let j = 77 - 20. Suppose -4*t + 165 = -67. Let q = t - 38. Calculate the remainder when j is divided by q.
17
Let w = 1305 + -752. Calculate the remainder when w is divided by 15.
13
Suppose -12 + 3 = -3*r. Suppose -4*t - 386 = -r*u, u + 2*t - 116 = -3*t. What is the remainder when u is divided by 33?
27
Calculate the remainder when 2/(8/256 - 0) is divided by 20.
4
Let v(q) = -q**2 - 11*q - 9. Let c be v(-8). Let u = 13 - c. Calculate the remainder when 109 is divided by (-7)/14 + (-57)/u.
25
Let k(q) = 48*q - 170. Calculate the remainder when k(6) is divided by 20.
18
Let i(d) = -d + 7. Let j be i(5). Suppose 3*l + 30 = h, 0 = -4*h + j*h + 6. What is the remainder when 6/(-2) + (-90)/l is divided by 3?
1
Suppose 0 = -2*z - z + w + 660, -3*w - 433 = -2*z. What is the remainder when z is divided by 32?
29
Suppose 5*o = o + 28. Let m(v) = -v**3 + 25*v**2 - 66*v + 26. Calculate the remainder when m(22) is divided by o.
5
Let s be 23 + 2 - (-2 + -2). Let m = -28 + s. Calculate the remainder when m/(3/(1230/5)) is divided by 21.
19
Suppose 732 = 4*b - 2*b. Let s be b/2 + (-2 - 1). Suppose 4*z - 4*i = -0 + s, -3*i = 0. Calculate the remainder when z is divided by 24.
21
Suppose 588 = 2*a + 5*a. Suppose -3*f + a = -4*g - 7, f - 5*g - 23 = 0. Let v = f - 16. Calculate the remainder when 32 is divided by v.
15
Suppose -3*x + 16 = c + 1, -5*c = -15. Suppose 0 = -x*g - 0*o - 2*o + 48, -4*o = g - 19. Calculate the remainder when 74 is divided by g.
8
Let n = 200 - 191. Calculate the remainder when 30 is divided by n.
3
Let w be 4*((-15)/(-6))/5. Suppose 10*d + 160 = 26*d. Calculate the remainder when (98/4)/(1/w) is divided by d.
9
Let w(j) = j**3 + j. Let y be w(0). Suppose 2*d + 2*i - 38 = 0, -2*d - 3*i + 23 + 19 = y. Calculate the remainder when 74 is divided by d.
14
Suppose -221*m + 261*m - 3120 = 0. What is the remainder when 311 is divided by m?
77
Suppose 2*d + 8 = 56. Let u = 196 + -103. Calculate the remainder when u is divided by d.
21
Suppose 4*h = 2*h + 18. Calculate the remainder when 20 is divided by h.
2
Suppose -q + 314 = 3*x + 2*x, -3*x + q + 190 = 0. Calculate the remainder when 120 is divided by x.
57
Suppose -692 - 276 = -8*p. Calculate the remainder when p is divided by 31.
28
Let q = 240 - 232. Calculate the remainder when 19 is divided by q.
3
Suppose -207 = -3*r + 171. Suppose -2*b + 3*b = r. What is the remainder when b is divided by 32?
30
Let i(x) = x**3 - 10*x**2 + x + 6. What is the remainder when 21 is divided by i(10)?
5
Suppose 2*o = 4*n + 34, 4*n = -66 + 74. Calculate the remainder when 0 + (-16)/6*-21 is divided by o.
14
Suppose 2*p + 3*j + 0*j - 2 = 0, -j - 4 = 0. What is the remainder when 109 is divided by p?
4
Suppose 1179 = 44*o - 4541. Let x(n) = -4*n**3 + 1. What is the remainder when o is divided by x(-2)?
31
Suppose 18*k + 1310 = 5*m + 14*k, 786 = 3*m - 4*k. What is the remainder when m is divided by 15?
7
Suppose -5*j - 4*x + 86 = 0, 0 = -3*x - 6 + 18. Let b = -44 + 112. Calculate the remainder when b is divided by j.
12
Calculate the remainder when 288 is divided by (-43)/((-35)/(-10) - 36/8).
30
What is the remainder when 35 is divided by (2 + -3)/(-1) + -3 + 11?
8
Suppose 1596 - 231 = 39*f. What is the remainder when 147 is divided by f?
7
Let v = -90 + 93. Suppose v*a - 57 = -21. What is the remainder when 166 is divided by a?
10
Let d be 4/2 - 6 - 19. Let k = 21 + d. Let g(y) = 8*y**2 + 2*y + 3. Calculate the remainder when 59 is divided by g(k).
28
Suppose -5*o = -9*o. Suppose -4*n - 5*k = -o*n - 12, n = 5*k - 22. What is the remainder when 35 is divided by 110/11 + n/2?
8
Let k(n) = -14*n**2 - 37*n - 6. Let p = -9 - -13. Suppose p*f - 4*j + 2*j = 182, 4*f - 197 = -3*j. What is the remainder when f is divided by k(-2)?
11
Let a(d) = 2*d - 4. Let z(v) = -151*v - 744. What is the remainder when z(-5) is divided by a(6)?
3
What is the remainder when 121 is divided by (-22)/12 + 1 - (-57938)/708?
40
Suppose -5*z + 10 + 5 = 0. Suppose 0 = 4*v + 5 + z, -5*l - 3*v = -4. Suppose -l*s = -2*d - 20, -d + 2 = 3. What is the remainder when 33 is divided by s?
6
Let n(z) = -z**3 - 3*z**2 - 2*z + 115. What is the remainder when n(0) is divided by 59?
56
Let h(u) = u**2 + 11*u - 3. Let r be h(-11). What is the remainder when (164/(-8) + r/6)*-5 is divided by 18?
15
Let b = -136 - -197. Let g(v) = -v**3 - 7*v**2 - 4*v - 7. Calculate the remainder when b is divided by g(-7).
19
Let f = -1525 - -1572. What is the remainder when 419 is divided by f?
43
Let u = 418 - 415. What is the remainder when 7 is divided by u?
1
Let m = 44 + -39. Let r(z) = 2 - 22*z - 3 + 0 + 8*z. Calculate the remainder when r(-1) is divided by m.
3
Suppose -3*w + 48*t + 1074 = 51*t, -4*t = -3*w + 1053. Calculate the remainder when w is divided by 20.
15
Suppose p + 0 = -1, 0 = -2*v + 4*p + 20. Let z(i) = -7 + 4 + 5 + i. What is the remainder when 46 is divided by z(v)?
6
Let x(v) = -6*v + 6. Let w be x(6). What is the remainder w